et s be o(4). Let l = s - -388. What is the greatest common divisor of l and 861?
21
Suppose 147 = 5*c - 2*c. Suppose 61*w = -4005 + 4432. Calculate the greatest common divisor of w and c.
7
Let j be (2852/(-207) + (-2)/9)*(-2608)/8. Calculate the greatest common factor of 28 and j.
28
Let i(c) = -c**2 + 38*c + 1029. Let q be i(-18). Suppose -3*n - 234 = -4*n. Suppose -n = 5*t - 1179. What is the greatest common factor of t and q?
21
Let n be 296/111 - ((-741)/9 - 0). Calculate the greatest common factor of 900 and n.
5
Let r be -2*7*13/(-2). Let i be 2 + -6 + (19 - 13). Let h be i/(-5) + 222/30. What is the greatest common divisor of r and h?
7
Suppose x - 6*x = -989 - 481. Calculate the greatest common divisor of x and 156.
6
Suppose 0 = z - 10*z + 5*z + 1944. Calculate the greatest common factor of 234 and z.
18
Suppose 4*a - 23 + 17 = 2*h, 0 = 3*h + a - 40. What is the greatest common factor of h and 1639?
11
Suppose 0 = -8*j + 454 - 134. Suppose c - 3*c = -240. What is the highest common factor of c and j?
40
Let f(a) = 6 + 5 + 4 + 10 + 2*a. Let x be f(-11). Let l be x + 0 + -1 + (5 - 2). Calculate the greatest common factor of 1 and l.
1
Suppose 4*g = 3*p - 6, -4*p - 6*g = -8*g - 8. Suppose 3*k - p = k. What is the highest common factor of k and 4?
1
Let z(v) = -v**3 - 24*v**2 + 17*v - 25. Let p be z(-17). Let g = p + 3439. Suppose -o + g = 18*o. What is the highest common factor of 145 and o?
29
Let w(r) = -r**3 + 10*r**2 - r + 8. Let i be w(-7). Suppose -20*h + 1492 = -i. Calculate the greatest common divisor of 26 and h.
13
Let a = 11663 + -7165. What is the greatest common divisor of a and 26?
26
Let g(u) = -u**2 + 35*u - 93. Let t be g(32). Suppose -441 = -t*r - 3*c, 2*c + 197 = 3*r - 259. Calculate the highest common factor of 6 and r.
6
Let d(c) = 18*c**2 - 1. Let v be d(-1). Let s be ((-2 - -2)/1)/1. Suppose s = -22*o - 36 + 1532. What is the highest common divisor of o and v?
17
Let q be 2/12 + 50/(-12). Let o(k) = -2*k**2 - 2*k + 4. Let r be o(q). Let y be 14/6 - r/(-60). What is the highest common factor of y and 4?
2
Let q(j) = 25*j + 1146. Let v be q(-42). Calculate the highest common divisor of 4576 and v.
32
Suppose -3*p - 54 = 2*j, -4*p - 2*j + 5*j = 72. Let s be (-40)/p + 42/(-189). What is the highest common factor of 3 and s?
1
Suppose -k + 112 = k + 4*u, 0 = -5*k - u + 325. Let z(r) = r**2 - 56*r + 830. Let h be z(36). What is the greatest common factor of k and h?
22
Suppose 4*j - o + 454 = 2094, 2*j - 838 = -4*o. Suppose 81 = -10*r + j. What is the highest common divisor of 198 and r?
33
Let r = -1204 - -1230. Let g = -10 + 16. Suppose i + g*a - 70 = a, 2*i + 2*a = 132. What is the greatest common factor of r and i?
13
Let x = 89 - 90. Let y be -5 + 204 - (-2 - x). What is the greatest common divisor of y and 150?
50
Let m be (-3 - 138/(-10))/(72/960). What is the greatest common divisor of m and 2076?
12
Let g = -7 - -9. Suppose -36 = -3*a + 4*z, -g*z = 3*a + z - 57. Let n = 61 + 3. Calculate the highest common factor of a and n.
16
Let q = -28 + 32. Let a(y) = y**3 + 0*y**3 + 11*y**2 + q*y + 3 + y. Let s be a(-9). Calculate the greatest common divisor of s and 48.
24
Suppose 4*h - 3*o - 344 = 0, 3*h - 5*h + 3*o + 178 = 0. Suppose h - 3 = 16*r. Calculate the highest common divisor of 10 and r.
5
Let k be (-2)/3 + (-224)/24. Let z be (8/3)/(k/(-60)). Calculate the greatest common divisor of 296 and z.
8
Let s = 11890 - 11877. Calculate the greatest common factor of s and 10699.
13
Suppose -d + 19 = -4*p, 5 = -5*p - 0*p. Suppose 3*a = 4*i - 828, -18*a = 3*i - 19*a - 626. Calculate the highest common factor of d and i.
15
Let y(b) = 3*b**2 - b + 1. Let x be y(2). Let t(z) = -758*z + 4691. Let o be t(6). What is the highest common factor of x and o?
11
Suppose -3312 = 28*c - 5*c. Let g = -29 + 14. Let n be c/(-10) + 6/g. Calculate the greatest common divisor of 70 and n.
14
Suppose -20*f = -24*f + 112. Let v = 136 - 147. Let m = f + v. Calculate the greatest common factor of 34 and m.
17
Let q(y) = -113*y - 2. Let v be q(-1). Suppose 42*c + 1998 = 69*c. Calculate the greatest common factor of v and c.
37
Suppose -5*s + 1824 - 251 + 422 = 0. Calculate the highest common divisor of 969 and s.
57
Suppose 105 = 59*k - 66*k. Let y be (k + 1)*170/(-119). Calculate the highest common factor of y and 220.
20
Suppose -9*u + 8*u + 6 = 0. Suppose 2*k + 668 = u*k. Suppose -2*j + k = 27. What is the highest common divisor of 28 and j?
14
Let q = 4598 - 1742. Calculate the greatest common factor of 3 and q.
3
Let o(w) = 47*w + 20. Let b be o(-4). Let g = -133 - b. Calculate the greatest common factor of g and 140.
35
Let w be (595/34 + -17)*12. Calculate the highest common factor of 4434 and w.
6
Suppose -13*g - 9*g + 154 = 0. Suppose -4*k = g*z - 12*z + 584, -5*k - 469 = -4*z. What is the highest common factor of z and 203?
29
Let s be ((9/30)/(2/(-12)))/(1056/(-5280)). Suppose 0*b - 3*p - 210 = -2*b, 0 = -2*b + 4*p + 214. Calculate the greatest common factor of b and s.
9
Let v = 44999 + -39271. What is the greatest common divisor of v and 256?
32
Let m be 4291*(-18)/(-42) + -15. What is the greatest common factor of m and 1248?
96
Suppose -8*u + 14 = -2*u + 8. Suppose 1 = -3*x + 5*p, 0 = -4*x - 3*p + 62 - 15. What is the greatest common factor of u and x?
1
Suppose 168*j = 188*j - 19880. What is the highest common divisor of 56 and j?
14
Let h(f) = f**2 - 50*f + 225. Let b be h(45). Suppose r + r - 8 = 0. Suppose b = -7*t + r*t + 45. Calculate the highest common factor of 120 and t.
15
Let r = 288 + -273. Let a be -1*((-255)/25 - 2/(-10)). What is the highest common factor of a and r?
5
Let n = 47 - 23. Let x = n + -9. Suppose -t = -971 + 966. What is the greatest common factor of x and t?
5
Let c = 27 - 19. Suppose -27*l + 8200 = 7552. Calculate the highest common divisor of l and c.
8
Suppose -5*z + 5*y - y = -6005, 2*y + 4810 = 4*z. Calculate the highest common factor of 15 and z.
5
Suppose -45307 + 11251 = -43*i. Calculate the greatest common factor of 5280 and i.
264
Let j = 192 - -102. Calculate the highest common factor of 21 and j.
21
Suppose 28*z = 39*z - 440. Suppose z*i - 39*i - 27 = 0. What is the highest common divisor of 1 and i?
1
Let g = 1027 + -894. What is the greatest common divisor of 494 and g?
19
Suppose -4*b = 4*n - 4460, -7*n - 18*b = -20*b - 7859. Calculate the greatest common factor of 57 and n.
19
Suppose 10*a + 115 = -615. Suppose 2*b - 68 - 268 = 0. Let s = b + a. What is the greatest common factor of 19 and s?
19
Let k = -42 - -48. Suppose -2*r - k = r. Let l be r/(-6) - 608/(-57). Calculate the highest common factor of 99 and l.
11
Suppose -26*b = -14042 - 12821 + 187. Calculate the highest common factor of 38 and b.
38
Suppose -102*b + 106*b = -2*w + 1654, -3*w = -2*b - 2521. Calculate the highest common divisor of 155 and w.
31
Suppose 416*h - 4680 = 403*h. What is the highest common factor of 648 and h?
72
Let q = -103 + 105. Suppose 0 = 5*a - 4*j - 125, -q*a - 2*j + 53 = -3*j. Calculate the highest common factor of a and 87.
29
Suppose -10*t = 23*t - 198. Suppose t*f = 15*f - 432. What is the greatest common factor of 208 and f?
16
Let n = -283 - -284. Suppose -4*r = 3*v - 1222, n - 11 = 2*r. Calculate the greatest common factor of 36 and v.
18
Suppose 16 = 5*v - 2*y - 110, -4*v + 4*y + 108 = 0. Let z be 11*6*12/v. Calculate the greatest common divisor of 396 and z.
33
Let s be ((-5060)/(-3))/(44/66). Suppose 0 = s*b - 2523*b - 560. What is the greatest common factor of b and 720?
80
Suppose 0 = -2*d - 2*q + 758, -6*q - 1859 = -5*d - 2*q. What is the highest common factor of d and 2925?
75
Suppose r + 473 = -3*g, r + g + 26 = -451. Let p = r + 513. What is the highest common divisor of 34 and p?
34
Suppose -55*a + 818 + 2094 = -828. Calculate the highest common divisor of 100 and a.
4
Let c be (23/(1127/84))/((-2)/(-539)). Calculate the highest common divisor of 2 and c.
2
Let o = -211 - -104. Let d = o + 110. Calculate the greatest common divisor of 15 and d.
3
Suppose -23*h = -4*f - 28*h - 21, 4*f - 4*h - 60 = 0. Calculate the greatest common factor of f and 5028.
6
Let r be (13 + 3 - 17)/((-2)/1066). Calculate the greatest common factor of r and 164.
41
Suppose 29*b - 89 - 158 = 1667. Ca